{"id":124,"date":"2022-09-29T01:58:37","date_gmt":"2022-09-29T01:58:37","guid":{"rendered":"https:\/\/imagenes.medicentrocristoredentor.com\/index.php\/examenes-medicos\/"},"modified":"2022-09-29T01:58:43","modified_gmt":"2022-09-29T01:58:43","slug":"examenes-medicos","status":"publish","type":"page","link":"https:\/\/imagenes.medicentrocristoredentor.com\/index.php\/examenes-medicos\/","title":{"rendered":"Examenes Medicos"},"content":{"rendered":"\t\t<div data-elementor-type=\"wp-page\" data-elementor-id=\"124\" class=\"elementor elementor-124\">\n\t\t\t\t\t\t\t\t\t<section class=\"elementor-section elementor-top-section elementor-element elementor-element-1d90fc9b elementor-section-full_width elementor-section-stretched elementor-section-height-default elementor-section-height-default\" data-id=\"1d90fc9b\" data-element_type=\"section\" data-settings=\"{&quot;stretch_section&quot;:&quot;section-stretched&quot;}\">\n\t\t\t\t\t\t<div class=\"elementor-container elementor-column-gap-default\">\n\t\t\t\t\t<div class=\"elementor-column elementor-col-100 elementor-top-column elementor-element elementor-element-31cf714e\" data-id=\"31cf714e\" data-element_type=\"column\">\n\t\t\t<div class=\"elementor-widget-wrap elementor-element-populated\">\n\t\t\t\t\t\t\t\t<div class=\"elementor-element elementor-element-5bdd919f elementor-widget elementor-widget-image\" data-id=\"5bdd919f\" data-element_type=\"widget\" data-widget_type=\"image.default\">\n\t\t\t\t<div class=\"elementor-widget-container\">\n\t\t\t<style>\/*! elementor - v3.7.7 - 20-09-2022 *\/\n.elementor-widget-image{text-align:center}.elementor-widget-image a{display:inline-block}.elementor-widget-image a img[src$=\".svg\"]{width:48px}.elementor-widget-image img{vertical-align:middle;display:inline-block}<\/style>\t\t\t\t\t\t\t\t\t\t\t\t<img width=\"2040\" height=\"511\" src=\"https:\/\/imagenes.medicentrocristoredentor.com\/wp-content\/uploads\/2022\/09\/EXAMEN-MEDICO-LAB.png\" class=\"attachment-full size-full\" alt=\"\" loading=\"lazy\" srcset=\"https:\/\/imagenes.medicentrocristoredentor.com\/wp-content\/uploads\/2022\/09\/EXAMEN-MEDICO-LAB.png 2040w, https:\/\/imagenes.medicentrocristoredentor.com\/wp-content\/uploads\/2022\/09\/EXAMEN-MEDICO-LAB-300x75.png 300w, https:\/\/imagenes.medicentrocristoredentor.com\/wp-content\/uploads\/2022\/09\/EXAMEN-MEDICO-LAB-1024x257.png 1024w, https:\/\/imagenes.medicentrocristoredentor.com\/wp-content\/uploads\/2022\/09\/EXAMEN-MEDICO-LAB-768x192.png 768w, https:\/\/imagenes.medicentrocristoredentor.com\/wp-content\/uploads\/2022\/09\/EXAMEN-MEDICO-LAB-1536x385.png 1536w\" sizes=\"(max-width: 2040px) 100vw, 2040px\" \/>\t\t\t\t\t\t\t\t\t\t\t\t\t\t\t<\/div>\n\t\t\t\t<\/div>\n\t\t\t\t\t<\/div>\n\t\t<\/div>\n\t\t\t\t\t\t\t<\/div>\n\t\t<\/section>\n\t\t\t\t<section class=\"elementor-section elementor-top-section elementor-element elementor-element-4b093647 elementor-section-full_width elementor-section-stretched elementor-section-height-default elementor-section-height-default\" data-id=\"4b093647\" data-element_type=\"section\" data-settings=\"{&quot;stretch_section&quot;:&quot;section-stretched&quot;}\">\n\t\t\t\t\t\t<div class=\"elementor-container elementor-column-gap-default\">\n\t\t\t\t\t<div class=\"elementor-column elementor-col-100 elementor-top-column elementor-element elementor-element-5fdc7a88\" data-id=\"5fdc7a88\" data-element_type=\"column\">\n\t\t\t<div class=\"elementor-widget-wrap elementor-element-populated\">\n\t\t\t\t\t\t\t\t<div class=\"elementor-element elementor-element-60952b4 elementor-widget elementor-widget-heading\" data-id=\"60952b4\" data-element_type=\"widget\" data-widget_type=\"heading.default\">\n\t\t\t\t<div class=\"elementor-widget-container\">\n\t\t\t<style>\/*! elementor - v3.7.7 - 20-09-2022 *\/\n.elementor-heading-title{padding:0;margin:0;line-height:1}.elementor-widget-heading .elementor-heading-title[class*=elementor-size-]>a{color:inherit;font-size:inherit;line-height:inherit}.elementor-widget-heading .elementor-heading-title.elementor-size-small{font-size:15px}.elementor-widget-heading .elementor-heading-title.elementor-size-medium{font-size:19px}.elementor-widget-heading .elementor-heading-title.elementor-size-large{font-size:29px}.elementor-widget-heading .elementor-heading-title.elementor-size-xl{font-size:39px}.elementor-widget-heading .elementor-heading-title.elementor-size-xxl{font-size:59px}<\/style><h1 class=\"elementor-heading-title elementor-size-default\"><span style=\"color: var( --e-global-color-58c21dc ); font-family: var( --e-global-typography-primary-font-family ), Sans-serif; font-weight: var( --e-global-typography-primary-font-weight );\">EX\u00c1MENES<\/span> M\u00c9DICOS<\/h1>\t\t<\/div>\n\t\t\t\t<\/div>\n\t\t\t\t<div class=\"elementor-element elementor-element-7007bdfe elementor-widget elementor-widget-text-editor\" data-id=\"7007bdfe\" data-element_type=\"widget\" data-widget_type=\"text-editor.default\">\n\t\t\t\t<div class=\"elementor-widget-container\">\n\t\t\t<style>\/*! elementor - v3.7.7 - 20-09-2022 *\/\n.elementor-widget-text-editor.elementor-drop-cap-view-stacked .elementor-drop-cap{background-color:#818a91;color:#fff}.elementor-widget-text-editor.elementor-drop-cap-view-framed .elementor-drop-cap{color:#818a91;border:3px solid;background-color:transparent}.elementor-widget-text-editor:not(.elementor-drop-cap-view-default) .elementor-drop-cap{margin-top:8px}.elementor-widget-text-editor:not(.elementor-drop-cap-view-default) .elementor-drop-cap-letter{width:1em;height:1em}.elementor-widget-text-editor .elementor-drop-cap{float:left;text-align:center;line-height:1;font-size:50px}.elementor-widget-text-editor .elementor-drop-cap-letter{display:inline-block}<\/style>\t\t\t\t<p>Contamos con las siguientes especialidades m\u00e9dicas:<\/p><ul><li>LABORATORIO<\/li><li>AUDIOMETR\u00cdA<\/li><li>RAYOS X<\/li><li>ELECTROCARDIOGRAMA (EKG)<\/li><\/ul>\t\t\t\t\t\t<\/div>\n\t\t\t\t<\/div>\n\t\t\t\t\t<\/div>\n\t\t<\/div>\n\t\t\t\t\t\t\t<\/div>\n\t\t<\/section>\n\t\t\t\t\t\t\t<\/div>\n\t\t","protected":false},"excerpt":{"rendered":"<p>EX\u00c1MENES M\u00c9DICOS Contamos con las siguientes especialidades m\u00e9dicas: LABORATORIO AUDIOMETR\u00cdA RAYOS X ELECTROCARDIOGRAMA (EKG)<\/p>\n","protected":false},"author":1,"featured_media":0,"parent":0,"menu_order":0,"comment_status":"closed","ping_status":"closed","template":"","meta":[],"_links":{"self":[{"href":"https:\/\/imagenes.medicentrocristoredentor.com\/index.php\/wp-json\/wp\/v2\/pages\/124"}],"collection":[{"href":"https:\/\/imagenes.medicentrocristoredentor.com\/index.php\/wp-json\/wp\/v2\/pages"}],"about":[{"href":"https:\/\/imagenes.medicentrocristoredentor.com\/index.php\/wp-json\/wp\/v2\/types\/page"}],"author":[{"embeddable":true,"href":"https:\/\/imagenes.medicentrocristoredentor.com\/index.php\/wp-json\/wp\/v2\/users\/1"}],"replies":[{"embeddable":true,"href":"https:\/\/imagenes.medicentrocristoredentor.com\/index.php\/wp-json\/wp\/v2\/comments?post=124"}],"version-history":[{"count":3,"href":"https:\/\/imagenes.medicentrocristoredentor.com\/index.php\/wp-json\/wp\/v2\/pages\/124\/revisions"}],"predecessor-version":[{"id":182,"href":"https:\/\/imagenes.medicentrocristoredentor.com\/index.php\/wp-json\/wp\/v2\/pages\/124\/revisions\/182"}],"wp:attachment":[{"href":"https:\/\/imagenes.medicentrocristoredentor.com\/index.php\/wp-json\/wp\/v2\/media?parent=124"}],"curies":[{"name":"wp","href":"https:\/\/api.w.org\/{rel}","templated":true}]}}